{"id":7023,"date":"2026-03-24T09:44:31","date_gmt":"2026-03-24T07:44:31","guid":{"rendered":"https:\/\/epayment.helsinki.fi\/luomus\/tuote\/kasvihuonepiirustus-2\/"},"modified":"2026-03-24T11:38:22","modified_gmt":"2026-03-24T09:38:22","slug":"kasvihuonepiirustus-2","status":"publish","type":"product","link":"https:\/\/epayment.helsinki.fi\/luomus\/tuote\/kasvihuonepiirustus-2\/?lang=en","title":{"rendered":"Kasvihuonepiirustus"},"content":{"rendered":"<p>Kasvihuonepiirustus-tapahtumassa tutustutaan kasvien piirt\u00e4misen saloihin ja tekniikoihin keskell\u00e4 Kaisaniemen kasvihuoneiden vehreytt\u00e4. Tapahtumassa jaetaan runsaasti k\u00e4yt\u00e4nn\u00f6n vinkkej\u00e4 luonnosteluun ja Kasviluonnoskirjan k\u00e4ytt\u00f6\u00f6n.\u00a0<\/p>\n<p>Ohjaajana toimii muotoilija ja taidekerhon ohjaaja Mari Savio. Jokaiselle osallistujalle jaetaan oma Kasviluonnoskirja. K\u00e4ytt\u00f6\u00f6n saa lyijykyni\u00e4, puuv\u00e4rej\u00e4, liituja ja pensseleit\u00e4 \u2013 my\u00f6s omat v\u00e4lineet ja tarvikkeet ovat tervetulleita. Kasvihuonepiirustus sopii parhaiten aikuisille ja nuorille.\u00a0<\/p>\n<p>Tapahtuma j\u00e4rjestet\u00e4\u00e4n:<br \/>&#8211; keskiviikkona 22.4. klo 17-19<br \/>&#8211; keskiviikkona 6.5. klo 17\u201319\u00a0<\/p>\n<p>Saavuthan paikalle hyviss\u00e4 ajoin. Lippu ei sis\u00e4ll\u00e4 sis\u00e4\u00e4np\u00e4\u00e4sy\u00e4 kasvihuoneille ennen tapahtuman alkua.\u00a0<\/p>\n<p>Osallistujia mahtuu mukaan 15 henkil\u00f6\u00e4.<\/p>\n","protected":false},"excerpt":{"rendered":"<p>Kasvihuonepiirustus-tapahtumassa tutustutaan kasvien piirt\u00e4misen saloihin ja tekniikoihin keskell\u00e4 Kaisaniemen kasvihuoneiden vehreytt\u00e4. Tapahtumassa jaetaan runsaasti k\u00e4yt\u00e4nn\u00f6n vinkkej\u00e4 luonnosteluun ja Kasviluonnoskirjan k\u00e4ytt\u00f6\u00f6n.\u00a0 Ohjaajana toimii muotoilija ja taidekerhon ohjaaja Mari Savio. Jokaiselle osallistujalle jaetaan oma Kasviluonnoskirja. K\u00e4ytt\u00f6\u00f6n saa lyijykyni\u00e4, puuv\u00e4rej\u00e4, liituja ja pensseleit\u00e4 \u2013 my\u00f6s omat v\u00e4lineet ja tarvikkeet ovat tervetulleita. Kasvihuonepiirustus sopii parhaiten aikuisille ja nuorille.\u00a0 Tapahtuma [&hellip;]<\/p>\n","protected":false},"featured_media":7015,"template":"","meta":[],"product_brand":[],"product_cat":[85],"product_tag":[],"class_list":{"0":"post-7023","1":"product","2":"type-product","3":"status-publish","4":"has-post-thumbnail","6":"product_cat-kaisaniemi-botanic-garden","8":"first","9":"instock","10":"featured","11":"virtual","12":"taxable","13":"purchasable","14":"product-type-phive_booking"},"_links":{"self":[{"href":"https:\/\/epayment.helsinki.fi\/luomus\/wp-json\/wp\/v2\/product\/7023","targetHints":{"allow":["GET"]}}],"collection":[{"href":"https:\/\/epayment.helsinki.fi\/luomus\/wp-json\/wp\/v2\/product"}],"about":[{"href":"https:\/\/epayment.helsinki.fi\/luomus\/wp-json\/wp\/v2\/types\/product"}],"wp:featuredmedia":[{"embeddable":true,"href":"https:\/\/epayment.helsinki.fi\/luomus\/wp-json\/wp\/v2\/media\/7015"}],"wp:attachment":[{"href":"https:\/\/epayment.helsinki.fi\/luomus\/wp-json\/wp\/v2\/media?parent=7023"}],"wp:term":[{"taxonomy":"product_brand","embeddable":true,"href":"https:\/\/epayment.helsinki.fi\/luomus\/wp-json\/wp\/v2\/product_brand?post=7023"},{"taxonomy":"product_cat","embeddable":true,"href":"https:\/\/epayment.helsinki.fi\/luomus\/wp-json\/wp\/v2\/product_cat?post=7023"},{"taxonomy":"product_tag","embeddable":true,"href":"https:\/\/epayment.helsinki.fi\/luomus\/wp-json\/wp\/v2\/product_tag?post=7023"}],"curies":[{"name":"wp","href":"https:\/\/api.w.org\/{rel}","templated":true}]}}