{"id":228,"date":"2025-01-10T13:36:04","date_gmt":"2025-01-10T11:36:04","guid":{"rendered":"https:\/\/epayment.helsinki.fi\/luomus\/?page_id=228"},"modified":"2025-09-29T12:42:47","modified_gmt":"2025-09-29T09:42:47","slug":"integritetspolicy","status":"publish","type":"page","link":"https:\/\/epayment.helsinki.fi\/luomus\/integritetspolicy\/?lang=sv","title":{"rendered":"INTEGRITETSPOLICY F\u00d6R NATURHISTORISKA CENTRALMUSEET\u2013 LUOMUS (HELSINGFORS UNIVERSITET) WEBBSHOPPS KUNDREGISTER"},"content":{"rendered":"\n<p class=\"MsoNormal\"><span lang=\"FI\">Uppdaterad 26.9.2025<\/span><\/p>\n\n\n\n<h2 class=\"wp-block-heading\">1. Personuppgiftsansvarig<\/h2>\n\n\n\n<p>Naturhistoriska centralmuseet<br>Helsingfors universitet, FO-nummer 0313471\u20137<br>Naturhistoriska centralmuseet<br>PB 17 (Norra J\u00e4rnv\u00e4gsgatan 13)<br>00014 Helsingfors universitet<\/p>\n\n\n\n<h2 class=\"wp-block-heading\">2. Kontakt g\u00e4llande registret<\/h2>\n\n\n\n<p>I fr\u00e5gor som r\u00f6r registret kan du kontakta Luomus Webshop: luomus-shop@helsinki.fi<br>(Ansvariga: Laura Sandholm, Janna Virtanen och Sari Siipola)<br>Helsingfors universitets dataskyddsombud n\u00e5s p\u00e5: tietosuoja@helsinki.fi<\/p>\n\n\n\n<h2 class=\"wp-block-heading\">3. \u00c4ndam\u00e5l och r\u00e4ttslig grund f\u00f6r behandling av<br>personuppgifter<\/h2>\n\n\n\n<p>Personuppgifterna behandlas f\u00f6r hantering av best\u00e4llningar och fakturering samt f\u00f6r<br>hanteringen av kundrelationen. Anv\u00e4ndning av webbshoppen kr\u00e4ver ingen<br>registrering.<br>Behandlingen av personuppgifter grundar sig p\u00e5 avtal mellan den<br>personuppgiftsansvarige och kunden samt p\u00e5 lagstadgade skyldigheter (bokf\u00f6ring<br>och konsumentskydd).<\/p>\n\n\n\n<h2 class=\"wp-block-heading\">4. Registrets inneh\u00e5ll<\/h2>\n\n\n\n<p>I webbshoppens register lagras, f\u00f6r hantering av kundrelationer och best\u00e4llningar,<br>kundens IP-adress, f\u00f6r- och efternamn, e-postadress, postadress samt spr\u00e5k som<br>anv\u00e4nds vid \u00e4rendet.<br>D\u00e4rut\u00f6ver lagras uppgifter som kunden l\u00e4mnat i samband med best\u00e4llning, s\u00e5som<br>betalningsmetod, ink\u00f6psdatum och -tid, pris f\u00f6r best\u00e4llda tj\u00e4nster samt vilka tj\u00e4nster<br>som best\u00e4llts (t.ex. intr\u00e4desbiljetter) inklusive eventuella till\u00e4ggsuppgifter (som<br>deltagaruppgifter).<br>F\u00f6r bokf\u00f6ring \u00f6verf\u00f6rs de n\u00f6dv\u00e4ndiga uppgifterna fr\u00e5n webbshoppen till Helsingfors<br>universitets virtuella server, d\u00e4r de sparas i 7 \u00e5r. De lagrade uppgifterna best\u00e5r av<br>best\u00e4llningskvitto, pdf-biljett och bokf\u00f6ringsrapport.<\/p>\n\n\n\n<h2 class=\"wp-block-heading\">5. Regelm\u00e4ssiga informationsk\u00e4llor<\/h2>\n\n\n\n<p>Uppgifterna erh\u00e5lls fr\u00e5n kunder n\u00e4r de best\u00e4ller tj\u00e4nster eller andra produkter och vid<br>betalning via n\u00e4tet.<\/p>\n\n\n\n<h2 class=\"wp-block-heading\">6. Lagringstid f\u00f6r personuppgifter<\/h2>\n\n\n\n<p>Uppgifter som lagras i webbshoppens register bevaras i tv\u00e5 \u00e5r f\u00f6r att kunna sk\u00f6ta<br>kundrelationen, d\u00e4refter anonymiseras uppgifterna.<br>Om en kund registrerar sig och skapar ett anv\u00e4ndarkonto i webbshoppen \u00e4r kontot<br>giltigt i tv\u00e5 \u00e5r, varefter det raderas om det inte har anv\u00e4nts.<br>Lagringstiden f\u00f6r personuppgifter baseras p\u00e5 bokf\u00f6ringslagens krav p\u00e5 bevarande av<br>bokf\u00f6ringsmaterial och kvitton. Enligt bokf\u00f6ringslagen ska verifikationer sparas minst<br>sex \u00e5r efter r\u00e4kenskapsperiodens slut. Bokf\u00f6ringsmaterialet lagras p\u00e5 den server<br>som Helsingfors universitet anvisat i 7 \u00e5r.<\/p>\n\n\n\n<h2 class=\"wp-block-heading\">7. Regelm\u00e4ssiga utl\u00e4mnanden och \u00f6verf\u00f6ringar av<br>uppgifter utanf\u00f6r EU eller EES<\/h2>\n\n\n\n<p>Uppgifterna l\u00e4mnas inte ut och \u00f6verf\u00f6rs inte utanf\u00f6r EU\/EES.<br>Naturhistoriska centralmuseet l\u00e4mnar inte ut uppgifter som lagrats i Luomus<br>Webbshop till utomst\u00e5ende parter.<\/p>\n\n\n\n<h2 class=\"wp-block-heading\">8. Parter kopplade till registret<\/h2>\n\n\n\n<p>De uppgifter som finns i registret lagras i f\u00f6ljande f\u00f6retags databaser, med<br>begr\u00e4nsad \u00e5tkomst endast f\u00f6r vissa personer:<br>CPU \u2013 Computer Program Unit Oy \/ Verifone Finland Oy \/ Helsingfors universitets<br>universitetsservice<\/p>\n\n\n\n<h2 class=\"wp-block-heading\">9. Dina r\u00e4ttigheter och undantag fr\u00e5n r\u00e4ttigheterna<\/h2>\n\n\n\n<p>Kontaktadress f\u00f6r fr\u00e5gor om den registrerades r\u00e4ttigheter \u00e4r den som anges i punkt 2<br>ovan.<\/p>\n\n\n\n<h2 class=\"wp-block-heading\">10. R\u00e4tt till tillg\u00e5ng<\/h2>\n\n\n\n<p>Du har r\u00e4tt att f\u00e5 veta om dina personuppgifter behandlas och vilka av dina<br>personuppgifter som behandlas. Du kan ocks\u00e5 beg\u00e4ra en kopia av de<br>personuppgifter som behandlas.<\/p>\n\n\n\n<h2 class=\"wp-block-heading\">11. R\u00e4tt till r\u00e4ttelse<\/h2>\n\n\n\n<p>Om dina personuppgifter \u00e4r felaktiga eller bristf\u00e4lliga har du r\u00e4tt att beg\u00e4ra att de<br>r\u00e4ttas eller kompletteras.<\/p>\n\n\n\n<h2 class=\"wp-block-heading\">12. R\u00e4tt till radering<\/h2>\n\n\n\n<p>Du har r\u00e4tt att beg\u00e4ra att dina personuppgifter raderas, om uppgifterna inte l\u00e4ngre<br>beh\u00f6vs f\u00f6r de \u00e4ndam\u00e5l f\u00f6r vilka de samlades in eller om uppgifterna har behandlats<br>olagligt.<br>R\u00e4tten till radering g\u00e4ller dock inte om behandlingen av personuppgifterna \u00e4r<br>n\u00f6dv\u00e4ndig f\u00f6r att uppfylla en lagstadgad skyldighet.<\/p>\n\n\n\n<h2 class=\"wp-block-heading\">13. R\u00e4tt till begr\u00e4nsning av behandling<\/h2>\n\n\n\n<p>Du har r\u00e4tt att beg\u00e4ra att behandlingen av dina personuppgifter begr\u00e4nsas. Det<br>inneb\u00e4r att vi bevarar dina uppgifter men inte behandlar dem p\u00e5 annat s\u00e4tt.<br>Du har denna r\u00e4tt i f\u00f6ljande fall:<\/p>\n\n\n\n<ol class=\"wp-block-list\">\n<li>du bestrider personuppgifternas riktighet, varvid behandlingen begr\u00e4nsas under den tid universitetet kan kontrollera uppgifternas riktighet<\/li>\n\n\n\n<li>behandlingen \u00e4r olaglig och du mots\u00e4tter dig att uppgifterna raderas och beg\u00e4r i st\u00e4llet att deras anv\u00e4ndning begr\u00e4nsas<\/li>\n\n\n\n<li>universitetet inte l\u00e4ngre beh\u00f6ver personuppgifterna f\u00f6r de \u00e4ndam\u00e5l som de samlades in f\u00f6r, men du beh\u00f6ver dem f\u00f6r att uppr\u00e4tta, framf\u00f6ra eller f\u00f6rsvara ett r\u00e4ttsligt anspr\u00e5k<\/li>\n<\/ol>\n\n\n\n<h2 class=\"wp-block-heading\">14. R\u00e4tt att l\u00e4mna in klagom\u00e5l<\/h2>\n\n\n\n<p>Om du har fr\u00e5gor eller oro kring behandlingen av dina personuppgifter kan du alltid<br>kontakta oss. Du har ocks\u00e5 r\u00e4tt att l\u00e4mna in ett klagom\u00e5l till Dataombudsmannens byr\u00e5 om<br>du anser att behandlingen av dina personuppgifter strider mot g\u00e4llande<br>dataskyddslagstiftning.<br>Kontaktuppgifter:<br>Dataombudsmannens byr\u00e5<br>Tietosuoja.fi\/sv<br>V\u00e4xel: 029 56 66700<br>Registratorskontor: 029 566 6768<br>E-post: tietosuoja@om.fi<\/p>\n","protected":false},"excerpt":{"rendered":"<p>Uppdaterad 26.9.2025 1. Personuppgiftsansvarig Naturhistoriska centralmuseetHelsingfors universitet, FO-nummer 0313471\u20137Naturhistoriska centralmuseetPB 17 (Norra J\u00e4rnv\u00e4gsgatan 13)00014 Helsingfors universitet 2. Kontakt g\u00e4llande registret I fr\u00e5gor som r\u00f6r registret kan du kontakta Luomus Webshop: luomus-shop@helsinki.fi(Ansvariga: Laura Sandholm, Janna Virtanen och Sari Siipola)Helsingfors universitets dataskyddsombud n\u00e5s p\u00e5: tietosuoja@helsinki.fi 3. \u00c4ndam\u00e5l och r\u00e4ttslig grund f\u00f6r behandling avpersonuppgifter Personuppgifterna behandlas f\u00f6r hantering [&hellip;]<\/p>\n","protected":false},"author":178,"featured_media":0,"parent":0,"menu_order":0,"comment_status":"closed","ping_status":"closed","template":"","meta":{"footnotes":""},"class_list":["post-228","page","type-page","status-publish","hentry"],"_links":{"self":[{"href":"https:\/\/epayment.helsinki.fi\/luomus\/wp-json\/wp\/v2\/pages\/228","targetHints":{"allow":["GET"]}}],"collection":[{"href":"https:\/\/epayment.helsinki.fi\/luomus\/wp-json\/wp\/v2\/pages"}],"about":[{"href":"https:\/\/epayment.helsinki.fi\/luomus\/wp-json\/wp\/v2\/types\/page"}],"author":[{"embeddable":true,"href":"https:\/\/epayment.helsinki.fi\/luomus\/wp-json\/wp\/v2\/users\/178"}],"replies":[{"embeddable":true,"href":"https:\/\/epayment.helsinki.fi\/luomus\/wp-json\/wp\/v2\/comments?post=228"}],"version-history":[{"count":3,"href":"https:\/\/epayment.helsinki.fi\/luomus\/wp-json\/wp\/v2\/pages\/228\/revisions"}],"predecessor-version":[{"id":1000,"href":"https:\/\/epayment.helsinki.fi\/luomus\/wp-json\/wp\/v2\/pages\/228\/revisions\/1000"}],"wp:attachment":[{"href":"https:\/\/epayment.helsinki.fi\/luomus\/wp-json\/wp\/v2\/media?parent=228"}],"curies":[{"name":"wp","href":"https:\/\/api.w.org\/{rel}","templated":true}]}}